+ 10 - (2 - -1))?
5
Evaluate (-1 + 9 - 6) + -3.
-1
What is the value of 7 + -1 - (12 + -5)?
-1
What is (-10 - (-5 + 0)) + 8?
3
What is (-3 - (2 - 5)) + (-15 - -7)?
-8
What is (-12 - -5 - -7) + -2?
-2
Calculate 4 + (-1 - (3 - 2)) - 1.
1
Evaluate (2 - 0) + (1 - (9 + -10)).
4
What is (6 - (5 + 2)) + -5 - 5?
-11
Evaluate -3 - (-10 + -2 - -10).
-1
What is -7 - -3 - (3 - 9)?
2
Evaluate (-3 - 0 - -7) + -4.
0
Evaluate -46 - -54 - (-1 - -8).
1
(11 - (3 + 3)) + -2
3
What is the value of -2 + (10 - 0) + -5?
3
Evaluate 7 + (6 - 2) + -5.
6
37 + -38 + (2 - 1)
0
What is the value of (0 - -1) + (-2 - -7) + -2?
4
Evaluate -19 - ((-8 - 5) + 1).
-7
-14 - (-1 + -5) - -11
3
(-18 - -24) + (1 - 1)
6
Calculate -3 - (13 + 1 - 11).
-6
-7 - (-9 + 10 + -4)
-4
What is -1 + -3 + 4 + -3?
-3
Evaluate 5 + (-8 + 15 - 6).
6
(-39 - -34) + (6 - -1)
2
-3 + 12 - (12 + -10)
7
Evaluate (-4 - 1 - -1 - -8) + -1.
3
-5 + 2 - (-31 - -23)
5
What is (6 - 2) + (2 - -3) + -4?
5
What is the value of 1 + 10 - (-87 - -93)?
5
0 + -4 + (7 - 0)
3
Calculate -7 - (-3 - 11) - 10.
-3
What is the value of 0 - -4 - (0 - 1) - 2?
3
What is the value of -6 + -1 + 3 - -4?
0
What is the value of 7 + 0 + (-13 - -10)?
4
Evaluate -1 - (-11 + 2 + 4).
4
What is the value of -17 - -22 - (4 - -1)?
0
What is the value of 3 + 2 + -4 + 8 + -2?
7
3 - (-1 + (3 - (2 - 1)))
2
Evaluate (7 - 2) + -3 - 2 - 2.
-2
(-6 + 1 - -2) + (7 - 2)
2
Evaluate 1 + -5 + 5 + -1.
0
(-6 - (2 + -1)) + 4
-3
Calculate (-3 - -2 - (-2 + -1)) + -1.
1
Evaluate -74 + 75 - (0 + -1).
2
What is 1 + 4 + -2 - 0?
3
Calculate 3 + -5 - (32 + -35).
1
What is 1 + 1 + (4 - 3 - -1)?
4
1 - -5 - -6 - 12
0
What is the value of -1 + -3 - (-16 - -15)?
-3
What is 0 - (5 + (-7 - -1) - -5)?
-4
Calculate (1 - -4) + -1 + 0.
4
Evaluate 2 + -2 + -10 - (51 - 53).
-8
12 + (-6 - (2 - (4 - 1)))
7
What is the value of -10 + 13 + 2 + -2?
3
2 - (-8 - (-16 - -4))
-2
4 + 3 + -7 - -5
5
-1 + -2 + (4 - 5)
-4
Calculate (-6 - -15) + (-5 - -1).
5
What is the value of -4 - (2 + 0 + (7 - 17))?
4
4 + 12 - (-21 - -29)
8
Evaluate (-7 - 0) + 9 + -2.
0
What is the value of (1 + -6 - -1) + 5 - 1?
0
Evaluate -8 + (8 + -3 - 4) - -12.
5
What is the value of -1 + 9 + -3 - (-3 - 1)?
9
Calculate 1 + -5 + 1 + 1.
-2
Calculate (5 + -4 - 4 - -4) + -2.
-1
What is -4 + (0 - 0) + (-1 - -4)?
-1
Calculate -8 - (6 + 2 + -6).
-10
What is (9 - 4) + -3 - (1 + -5)?
6
What is -10 - (-6 + 3 + -6)?
-1
What is the value of -2 + (6 - (3 + -1 + -2))?
4
What is the value of (-1 + 2 - 4) + 6 - 5?
-2
3 + (0 - 8) + 1
-4
What is the value of 8 - (-7 - (-15 - 0))?
0
What is the value of 2 + -1 + 11 - 7?
5
Evaluate (-17 - -22) + -3 + 4.
6
Evaluate (2 - (0 - (-7 + 1))) + 4.
0
What is the value of (0 - 10) + (-12 - -17)?
-5
What is the value of -1 - 6 - (6 + -17 + 8)?
-4
Evaluate 8 + (-8 - -5) - (-3 - -4).
4
Calculate 1 + (-1 - 5) + -51 + 58.
2
Calculate 5 - (1 - 2 - (-1 - 1)).
4
What is the value of 10 - (0 - (0 + -8))?
2
What is 1 + 6 - (6 + (-3 - 0))?
4
Calculate 4 + (-2 - (0 + -1 - -2)).
1
0 + -1 + (-3 + 1 - 2)
-5
Evaluate -4 + -2 + 3 + -3 + 4.
-2
What is 4 + (6 - (-13 + 7 - -16))?
0
Evaluate 4 - (12 - (-5 - -13)).
0
Calculate -156 + 160 + (-4 - (0 - 0)).
0
Calculate 16 - 15 - (5 + 2 + -1).
-5
Evaluate 14 - 2 - (10 - 4).
6
What is the value of (-3 + 1 - -1 - 5) + 1?
-5
Calculate -2 + 6 + -4 + 3.
3
What is the value of 20 - 15 - (4 - (2 + -4))?
-1
Evaluate (2 + 9 - (-32 + 35)) + -15.
-7
What is the value of -3 + 1 - (-4 + 5 + -8)?
5
What is -1 - ((-1 - -2) + 16 + -22)?
4
What is the value of 2 - (-6 + 11 - -4) - -6?
-1
What is 36 - 30 - (8 - 1)?
-1
What is -3 + (16 - 18) + (3 - -3)?
1
Calculate -4 - (-6 - 0 - (-13 - -17)).
6
(8 - 10) + 8 - 3
3
-2 + (8 - 1 - 12)
-7
What is -152 + 143 + 1 + 8?
0
What is the value of 2 - (1 + -9 + 11)?
-1
4 + -3 + (0 - -6) + -4
3
Calculate -2 - (8 - 5) - 0.
-5
What is the value of -11 + 7 + (1 - 1) - -4?
0
Evaluate 0 + 0 - 5 - (-12 + 16).
-9
-10 + 8 + (8 - (0 - 2))
8
What is the value of 13 - (7 - 2 - 4) - 5?
7
What is the value of -2 + -6 + -2 + 5 - 1?
-6
(-8 - -10) + (1 + -1 - 2)
0
What is (0 - 10 - -2) + 0 + 3?
-5
Evaluate -4 + -2 - (3 - 4).
-5
Evaluate -4 + (3 + (4 - 3) - -5).
5
What is the value of 0 + 0 + (-9 - -5) + -4?
-8
Evaluate -4 + (5 - 0) + (-2 - 0).
-1
What is the value of -11 + 0 + 0 + 6 + 2?
-3
Evaluate (0 - (4 - 14)) + 4 + -11.
3
1 - ((2 - 2) + -4 - -4)
1
What is the value of 1 - 3 - (-4 + 2) - -4?
4
(-3 - (3 - 6)) + 3
3
3 + -1 + -3 + 4
3
0 - (7 - (7 + -5)) - -3
-2
What is -10 + 18 + (-5 - 11)?
-8
What is the value of 2 - (0 - (1 - 7))?
-4
Calculate (-5 - -1) + (-7 - -15).
4
Evaluate -1 - (-7 + 8) - (4 - 1).
-5
Evaluate -10 - ((8 - 7) + -5).
-6
Evaluate -4 + 0 + -1 + (-1 - -4).
-2
What is the value of 3 + (3 + 0 - (9 + -10))?
7
Calculate (57 - 44) + (1 - 8).
6
Calculate -3 + -1 + 3 + 6.
5
What is the value of -6 - (-6 - -9) - -5?
-4
2 - 0 - 3 - 4
-5
What is the value of 13 + 5 + -5 + -8?
5
Evaluate (-11 - -6) + (-5 - (-3 + -6)).
-1
What is the value of 0 + (-3 - -3) + 0 + 4?
4
Calculate -3 + 9 + 4 - 14.
-4
Evaluate -8 - (2 + -6 + -1 + 2).
-5
What is -4 - ((-6 - -1) + 0 + 4)?
-3
What is the value of -72 + 71 + (1 - -4)?
4
What is 4 + (-4 - (2 - 6)) + 1?
5
Calculate (-3 - (-11 - -10)) + 5 + -1.
2
Calculate 5 - (0 - -9) - -11.
7
What is the value of 2 + 7 + -4 + (13 - 19)?
-1
Calculate 2 + 3 + 0 + 1 - -5.
11
What is 2 + 5 + (-2 - 4)?
1
Evaluate -2 + 8 + -1 + -13 + 1.
-7
(-8 - -8) + (5 + -2 - 6)
-3
Calculate (1 + 0 - -4) + 1 - 0.
6
What is the value of (-2 - -3) + (2 - 4)?
-1
Evaluate (-2 - (-4 - -3)) + -2.
-3
Evaluate 6 + -6 + -1 + 2 - 4.
-3
Evaluate -5 + 6 + -7 + 0 + 4.
-2
What is the value of -7 - -8 - (6 - 8)?
3
What is the value of -35 + 48 - (9 - 0)?
4
2 - (-18 - (1 - 10))
11
21 - 8 - 4 - 3
6
2 - (1 + (2 + -3 - -2))
0
What is the value of -9 + 9 + -8 - (0 + -1)?
-7
Evaluate (1 - (-7 - -9)) + 2 + -7.
-6
Evaluate -11 - -27 - 10 - 7.
-1
What is the value of -9 + 4 - (1 + -7) - 2?
-1
What is the value of 2 - ((-11 - -5) + 4) - 1?
3
What is the value of 2 + -1 + -3 + -4?
-6
Calculate -5 + 6 - (-1 + 1).
1
What is the value of (0 + -1 - -2) + 0 + 1?
2
Evaluate -1 - -1 - -1 - (62 + -58).
-3
Calculate (-7 - (-10 - 0)) + 1 + -2.
2
Evaluate 1 + -3 - (-57 - -53).
2
What is 3 - -1 - (-68 - -71)?
1
Calculate -5 + 2 + (2 - -1) + 3.
3
What is the value of (-3 - -1) + -3 + -3 + 4?
-4
(6 - (-3 + 7)) + 2
4
Calculate (-4 + 2 + 8 - 12) + 1.
-5
What is -18 - -15 - (2 - 3 - -4)?
-6
(3 + -6 - -11) + 0 + -3
5
What is -2 - (-5 - (-3 - 1))?
-1
Evaluate -2 - 1 - 5 - -4.
-4
(0 - -6) + (16 + -4 - 13)
5
0 - (-4 - ((-3 - -3) + 1))
5
Evaluate 3 + -6 + -3 - -1.
-5
What is the value of -1 + -1 + 4 + 5 + -4?
3
What is 0 - 4 - (-10 - -7)?
-1
Calculate 3 + 5 - (-13 - -15).
6
What is the value of 0 + 0 - -3 - (8 + -10)?
5
Evaluate -1 - (-2 + (-1 - -6) - 0).
-4
What is the value of (3 - (1 - -1)) + (9 - 7)?
3
Evaluate 36 + -38 + (-3 - 5).
-10
Evaluate -6 + 12 + (-15 - (-1 - 5)).
-3
Calculate -3 + 1 - (8 + -31 + 15).
6
Calculate -302 + 293 + -1 + 4 + 1.
-5
17 + -20 - (0 + 0)
-3
What is the value of (10 - 18) + (11 - 0)?
3
Calculate (-5 + -7 - -17) + -9.
-4
Calculate 4 + (5 - 7) + -2.
0
Evaluate -1 + (3 - (3 - 1)) - -4.
4
1 + 1 + (12 - 8)
6
Calculate (-4 - (17 + -10)) + 3 + 2.
-6
What is 3 + -7 + 4 + 1?
1
What is 2 - (1 + 1) - 5?
-5
Calculate 17 - 18 - (3 - -1).
-5
Calculate 3 - 13 - (-4 - 1).
-5
7 - (-2 - (-13 - -7))
3
-3 - (-7 + -5 + 7)
2
What is the value of 5 + (5 + -1 - (5 + 1))?
3
Evaluate 0 - -4 - 12 - -4.
-4
What is the value of (-7 - -2) + (-1 + -3 - -6)?
-3
(-72 + 82 - (2 - 0)) + -13
-5
Calculate 6 - (24 + -11) - (0 - 2).
-5
What is the value of 1 - (-1 + -2 + (1 - 0))?
3
What is -5 + (-14 + 11 - -10)?
2
Evaluate -1 + -10 + 9 + (-3 - 1).
-6
What is the value of (-2 - -1) + (5 - 4) + 1?
1
4 - (1 + (0 - -1 - 1))
3
Calculate (-3 - -2) + 4 + -3 + 0.
0
What is the value of (-13 - -23) + (1 - 2) + -6?
3
1 + 1 - (6 + (3 - 2))
-5
What is the value of 5 - (-1 - (1 - (4 - 1)))?
4
0 + -4 + (4 + -4 - -2)
-2
Calculate 4 + 0 + -6 + (1 - 2).
-3
2 + 1 - (-6 - -7)
2
(-123 - -129) + (-5 - 0)
1
Evaluate -1 + 2 - 0 - (50 - 52).
3
6 - (-4 - (-10 - -8))
8
What is 1 + 0 + (2 - (5 + 1))?
-3
What is the value of 9 - (16 + -9 + 3) - 6?
-7
What is the value of 9 - (-6 + (2 - -4) - -3)?
6
Evaluate 2 + -1 + (-2 - (6 - 8)).
1
Calculate